 2*m + 10 = v, -2*v + o = 2*m - 19. List the prime factors of v.
2, 3
Let f(j) = 2*j - 9. Let g be f(-8). Let u = 84 + g. What are the prime factors of u?
59
Let j be (-10)/5 + -6 + 2. What are the prime factors of (-2585)/(-15) + j/(-9)?
173
Let f(o) = o**2 - 7*o - 17. Let h be f(8). List the prime factors of (h/2)/((-60)/1840).
2, 3, 23
Let u(b) = b**3 - 11*b**2 + 11*b + 5. Let f be u(10). Suppose 13*g = f*g. Suppose 0 = -4*j - g*j + 16. What are the prime factors of j?
2
Let j(r) = 11*r + 1. Let x(t) = 5*t. Let z(b) = 6*j(b) - 13*x(b). Suppose 2*g - 7*g = -4*y - 36, -3*g - 4*y = -28. What are the prime factors of z(g)?
2, 7
Suppose 8*d = 1247 + 1121. What are the prime factors of d?
2, 37
Suppose 12*x - 17*x + 150 = 0. Let g = 81 - x. What are the prime factors of g?
3, 17
Suppose s = -3*s + 56. Suppose 3*l + 5*w + 56 = 0, 2*l + 28 = -w - 0*w. What are the prime factors of (l/s)/((-4)/112)?
2, 3
Let n(x) = -8*x**3 + 5*x**2 + 9*x + 9. List the prime factors of n(-4).
5, 113
Let p = -29 + 26. Let f(d) = -d**2 - d + 1. Let m be f(-3). List the prime factors of (m + p)/4*-14.
2, 7
Let n(p) = -p**3 + 6*p**2 - 6*p + 5. Let b be 4*(-3)/(-12)*4. Let j be n(b). Suppose -3*q = -73 + j. What are the prime factors of q?
2, 5
Let n(f) = -f**3 - 9*f**2 - 60*f - 16. List the prime factors of n(-12).
2, 71
Let t be (-166)/(-10) + 6/15. Let p(w) = -2*w + t - 2 + 0 + 3*w. What are the prime factors of p(0)?
3, 5
Let l be (-12)/66 + (-70)/(-22) + 0. Let k be (-2)/2*(-2 - -1). Suppose -3*n = -l*h, 4*h = 5*n - k - 3. List the prime factors of h.
2
Suppose -2947 = -4*f + 3*u, 3*f - 7*f + 2945 = -u. Suppose -4*p - 3*a = -a - f, 0 = 5*p - 4*a - 920. Suppose -p = -0*t - 8*t. List the prime factors of t.
23
Let u = 20 - 8. Let z be 784/u + 1/(-3). Suppose -4*y - 9 = -z. What are the prime factors of y?
2, 7
Suppose -6*t = -t + 270. Suppose -4 - 8 = -2*n. List the prime factors of t/(-15)*45/n.
3
Let f(w) be the third derivative of w**6/120 - w**5/15 - 6*w**2. Let o be f(4). List the prime factors of 13/26*(o - -38).
19
Suppose -4*i - 468 = 400. Let z = -113 - i. List the prime factors of z.
2, 13
List the prime factors of (6 + (20 - -3) + 3)*48.
2, 3
Let b(o) = 2*o**2 + 18*o - 21. Let h(c) = c**2 + 19*c - 20. Let p(k) = -2*b(k) + 3*h(k). What are the prime factors of p(11)?
2, 23
Suppose 3*n = 15, -565 = -4*a + n + 10. List the prime factors of a.
5, 29
Suppose 0 = -0*w + 17*w - 10574. List the prime factors of w.
2, 311
Suppose 2*k = 5*q + 31, -k + 5*k + 4*q = -8. Suppose -k*s - 3*l + 111 = 0, -5*l + 2*l = 3. Suppose 0 = -3*y + 82 + s. List the prime factors of y.
2, 5
Let r = 1048 - 372. List the prime factors of r.
2, 13
What are the prime factors of (16 + 20/5)*127/2?
2, 5, 127
Let d(a) = -8*a + 12. Let p be d(-4). Suppose 3*l - p = 2*l. List the prime factors of l.
2, 11
Let m = -65 - -185. Suppose 0 = -7*u + 2*u - 2*q + 554, u + 5*q = m. What are the prime factors of u?
2, 5, 11
Let y(r) = r**3 - 5*r**2 + 2*r - 7. Let q be y(5). Let c(z) = z**2 + q*z**2 - z - 3*z**2 + 8 + 17 + z**3. What are the prime factors of c(0)?
5
Let o be ((-3)/6)/(1/(-4)). Suppose 0*y + z = o*y - 102, 0 = 2*y - 4*z - 102. Let r = -28 + y. List the prime factors of r.
23
Let l(h) = -27*h + 196. What are the prime factors of l(-8)?
2, 103
Let o(c) = -25*c + 17. Suppose -g + 6*g + 23 = -2*r, -4*g = -3*r. List the prime factors of o(r).
3, 13
Let v(p) = 2*p - 6. Let y be v(3). Suppose y = f - 23 - 12. List the prime factors of f.
5, 7
Suppose f = 2909 + 2271. What are the prime factors of f?
2, 5, 7, 37
Let m be (-1)/((-5)/(-1368)) + (-12)/30. Let p = m + 400. What are the prime factors of p?
2, 3, 7
Let y(i) = -12*i - 52. Let n be y(-12). Suppose -n*l - 136 = -96*l. List the prime factors of l.
2, 17
Let j = -27 - -41. Suppose 4*q + 4*i + j = 2*i, -2*q - 4*i + 8 = 0. List the prime factors of ((-45)/(-6))/(q/(-16)).
2, 5
What are the prime factors of 31040/12 - (-3)/(-18)*-2?
13, 199
Let b be 214 - 1 - (-4 + 2). Suppose d = -2*x + 53, -4*d + 0*d = 5*x - b. List the prime factors of d.
5, 11
Suppose -5*n - 5 + 25 = 0. Let s(l) be the third derivative of -l**5/60 + l**4/3 + l**3/3 + 18*l**2. List the prime factors of s(n).
2, 3
What are the prime factors of -5 + 245 + 4 + 5?
3, 83
Let a be 2 - -183*3/3. Let c = -94 + a. Suppose 0 = -3*r - h + c, -3*r - 2*r - h = -153. List the prime factors of r.
31
Suppose 0*x - 31 = 2*k - 5*x, 3*k - x = -14. Let o = k - -36. List the prime factors of o.
3, 11
Let n be ((-15)/3)/(-1) - 1. Let s(a) = a**3 - 17*a**2 + 19*a - 33. Let w be s(16). Suppose -4*f = f + w, -n*j + 234 = 2*f. What are the prime factors of j?
2, 3, 5
Let p(n) = 222*n**2 - 7*n + 1. List the prime factors of p(-3).
2, 5, 101
Let b = -2718 - -5389. What are the prime factors of b?
2671
Let k = -952 + 1539. List the prime factors of k.
587
Let o(u) = -u**3 - 2*u**2 - u. Let h be o(-2). Suppose 4*d + 4*m = 3*d + 15, -3*d + 15 = h*m. What are the prime factors of 21 - (24/d)/2?
17
Let m = -304 + 167. Let r = 218 + m. What are the prime factors of r?
3
List the prime factors of 426 - ((5 - 3) + 1).
3, 47
Suppose -q + 27 = 2*p, -4*q + 4*p - 9*p + 120 = 0. Let i = q + -24. Suppose 5 + i = 2*b. What are the prime factors of b?
2
Suppose 3039 = 12*n - 2289. List the prime factors of n.
2, 3, 37
Let m(t) = 29*t - 14. Let z(n) = 3*n**2 + 1. Let w be z(-1). Let g be m(w). Let j = -53 + g. List the prime factors of j.
7
Let o = 3249 - 1747. List the prime factors of o.
2, 751
Let h(s) be the second derivative of -s**5/20 + 7*s**4/12 + 5*s**3/6 + 13*s**2/2 - 7*s. What are the prime factors of h(6)?
79
Suppose 48588 = -435*l + 447*l. List the prime factors of l.
4049
Let y(b) = -b**2 + 21*b + 13. Let g be y(12). Let v = -57 + g. What are the prime factors of v?
2
Let v(l) = l + 2. Let z be v(0). Suppose w - 147 = -2*w - z*p, 0 = -3*p. Suppose -w = -4*m + 59. List the prime factors of m.
3
Let a(s) = -s**3 - 5*s**2 + 4*s - 8. Let o be a(-6). List the prime factors of -3 + 2 - (-100)/o.
2, 3
Let l(s) = -s**3 + 3*s**2 + s - 1. Let u be l(2). Let f(i) = i**3 - 5*i**2 + 4. Let r be f(u). List the prime factors of r - 4/(-2)*-1.
2
Let b = 147 + -64. List the prime factors of b.
83
Let f(u) = 9*u**2 + u + 54. List the prime factors of f(-11).
2, 283
Suppose m - 4*a - 34 - 17 = 0, 0 = -4*m - 3*a + 242. Let t = -4 + m. What are the prime factors of t?
5, 11
Suppose -3*c - 10 = -8*c. Suppose -s + c*s = 0. Suppose s = -8*f + 3*f + 15. List the prime factors of f.
3
What are the prime factors of (-16412)/(-32) + 0 - 3/(-24)?
3, 19
Suppose -2*p + 27 = -4*r - 35, -r = 2*p - 87. Suppose -l + 4*z = -25, -19 - p = -4*l - 4*z. Let g = 3 + l. What are the prime factors of g?
2, 5
Suppose 14*m = 9*m - 1220. List the prime factors of 16*m/(-20) + (-2)/10.
3, 5, 13
Let o(w) = -w**3 - 24*w**2 - 13*w + 11. List the prime factors of o(-24).
17, 19
Suppose -683 + 78 = -5*b. Suppose -b + 7 = -2*c. List the prime factors of c.
3, 19
Let h(o) = 4*o - 1. Let s be h(1). Suppose -s*q + 285 = -225. Suppose -q = -6*i + i. List the prime factors of i.
2, 17
Let v = -1052 + 1075. Let o(b) = -3*b - 1. Let p be o(-2). Suppose -222 - v = -p*l - 2*h, h - 250 = -5*l. List the prime factors of l.
3, 17
Suppose -3*a + 142 = -83. What are the prime factors of 372/10 - 15/a?
37
Let w = 1388 + -440. What are the prime factors of w?
2, 3, 79
Let m(j) = -2*j**3 - 35*j**2 - 24*j - 7. What are the prime factors of m(-18)?
7, 107
Suppose 235 = -3*u - q, -2*u + 3*u + q = -81. Let w = -50 - u. List the prime factors of w.
3
Let c(k) = -92*k - 17. List the prime factors of c(-4).
3, 13
What are the prime factors of 10/10 + (-5 - -1) + 794?
7, 113
Suppose -3*f - 20 + 2 = 0. Let a(m) = m**3 + 5*m**2 - 7*m - 3. Let i be a(f). Suppose 3*t + y = t + 131, 287 = 4*t - i*y. List the prime factors of t.
2, 17
Let m(t) be the first derivative of -t**4/4 + t**3 + t**2/2 - 3*t - 7. Let r be m(3). Suppose r = -h + 2*h - 19. What are the prime factors of h?
19
Suppose 12*u - 2*w - 19991 = 7*u, u = 4*w + 4009. List the prime factors of u.
7, 571
Suppose 0 = 17*l - 21*l - 3*v + 4482, 6 = -3*v. What are the prime factors of l?
2, 3, 11, 17
Let j(l) = l. Let i(n) = 3*n**3 - n. Let t be i(1). Suppose 3*m - t*b + 19 = 6*m, -25 = -5*b. What are the prime factors of j(m)